-1 - (-120)/45. Let u(l) be the second derivative of 0 + 1/2*l**c + 7/2*l**2 + 5/12*l**4 - 2*l + 1/20*l**5. What is u(-5)?
-8
Suppose 0 = -2*l + 3*l - 2. Suppose -l*n = -n. Let u(d) = -d**3 + 0*d**3 + 0*d**3 + 4 - d. Calculate u(n).
4
Let b(o) = 2*o**2 + o - 1. Let v(r) be the third derivative of r**5/60 + r**4/12 - r**3/3 - 2*r**2. Let y be v(-3). What is b(y)?
2
Let y(g) = g**3 - 6*g**2 + 3*g + 6. Suppose 2*n - 6 = -3*o + 31, 0 = -5*o + 3*n + 30. Let d = 14 - o. What is y(d)?
-4
Let p be (-1*3)/(-1 + 2/1). Let c(g) = g**3 + 5*g**2 + 3*g. What is c(p)?
9
Let n(x) be the first derivative of 7*x**3/3 + 15*x**2/2 + 4*x - 5. Let d(r) = -3*r**2 - 7*r - 2. Let i(m) = -5*d(m) - 2*n(m). Calculate i(-3).
-4
Let a(v) = v - 5. Let f(o) = o - 6. Let z be (-84)/(-16) + 2/(-8). Let c(n) = z*a(n) - 4*f(n). Determine c(2).
1
Let x = 9 - 4. Let m(l) be the first derivative of l**4/4 - 2*l**3 + 2*l**2 - l - 1. Calculate m(x).
-6
Let d(s) = -s**3 - 6*s**2 + 2*s + 9. Let h(p) = -3*p**2 + 2*p + 2. Let v = 6 - 4. Let n be h(v). What is d(n)?
-3
Suppose 5*m - 11 - 4 = 0. Suppose -21 = -4*i + m. Let f(n) = -7*n + 0*n - 5 + i*n. Give f(5).
-10
Let s(i) be the second derivative of i**6/360 + i**5/120 + i**4/4 - i**3/6 + 2*i. Let x(n) be the second derivative of s(n). Suppose d = -2*d. Determine x(d).
6
Let z(l) = -5*l - 1. Suppose -3*s + 4 - 7 = 0. Calculate z(s).
4
Let o be (-1)/(-4) - (-22)/8. Suppose 3*j + 0 - o = 0. Let m(r) = 1 + 3*r + 0*r - 5*r. Determine m(j).
-1
Let j(m) be the first derivative of -m**4/4 + m**3/3 + 12*m + 24. Let s = 0 + 0. Determine j(s).
12
Let u(o) = o - 1. Let r = -20 - -24. Give u(r).
3
Let i = -78 - -77. Let w(h) = -7*h**2 - h - 1. Determine w(i).
-7
Suppose 0 = -3*v + j + 10 - 0, -v + 4*j - 4 = 0. Let k(a) = -2*a + 6. Calculate k(v).
-2
Let u(l) = -1. Let b(p) = -p - 11. Let r(k) = -b(k) + 2*u(k). Determine r(-5).
4
Let l(z) = -z**2 + 6*z + 12. Let k be l(8). Let u(t) = t**3 + 3*t**2 - 4*t - 2. Give u(k).
-2
Let w be (1/(-2))/(1/4). Let b be (1 + (-4)/w)/1. Let h(x) = -x**2 + 5*x. What is h(b)?
6
Let y(r) = 5*r**3 + 13*r**2 + 7*r + 1. Let g(z) = -4*z**3 - 12*z**2 - 8*z - 3. Let c(o) = -4*g(o) - 3*y(o). Give c(-8).
-15
Let p(v) = -5 - 21*v**2 + 0 + 17*v**2 - v**3. Give p(-4).
-5
Let n(m) = -6*m**3 - m**2 + 1. Let a be n(-1). Let h(f) = 4*f + 3*f + 6 - a. Give h(1).
7
Let s(z) = 5*z + 1. Let p(b) = b**2 + 7*b + 2. Let i be p(-7). Suppose 3*w - i = 1. Give s(w).
6
Let l(t) = t**3 - 6*t**2 + 5*t - 2. Let j = 20 + -16. Calculate l(j).
-14
Suppose 2*f - 5*z + 11 = 0, 2*z + 5 = -1. Let g be f/(-4) - (-36)/48. Let p(x) = -x**3 + 3*x**2 + 5*x - 2. What is p(g)?
2
Let s be ((-1 - -1)/(-2))/2. Let a(r) be the second derivative of r**5/60 + 5*r**3/6 + 3*r**2/2 + 4*r. Let j(q) be the first derivative of a(q). Determine j(s).
5
Suppose 0 = -b + 3*b + 4, -4*c - 3*b + 10 = 0. Let u(x) be the third derivative of -1/12*x**4 + 1/60*x**5 + 1/6*x**3 + 3*x**2 + 0 + 0*x. Calculate u(c).
9
Let k(a) = 8*a**3 - 4*a**2 + a + 4. Let y(v) = -8*v**3 + 3*v**2 - v - 3. Let o(z) = 3*k(z) + 4*y(z). What is o(1)?
-9
Let u(o) be the third derivative of o**4/24 - 5*o**3/6 - o**2. What is u(0)?
-5
Let r = -2 + 1. Let h be -2 + -4 - (-1)/r. Let p(z) = -z**2 - 7*z + 3. Let j be p(h). Let y(l) = -l**3 + 3*l**2 + l - 1. Determine y(j).
2
Let d(x) = x - 4. Let m be d(6). Let g(u) = -1 + 4*u**2 - 5*u**m + 0*u**2 - 6*u + 2*u. Give g(-4).
-1
Let n(u) = 3*u. Let m be n(1). Let d(v) be the second derivative of 0 + 1/6*v**m + v**2 - 2*v. What is d(5)?
7
Let l(p) = -p**3 + 2*p**2 - p + 2. Let a be l(2). Let b(d) = d**3 - d**2 - d - 7. Give b(a).
-7
Let h(w) be the first derivative of 6*w - 3/2*w**2 - 2. What is h(5)?
-9
Let w(v) = -2*v + 3. Let f = 75 - 73. Determine w(f).
-1
Let p(m) be the second derivative of -m**3/6 - m**2/2 - m. Suppose -4*t + 12 = 32. What is p(t)?
4
Let b(c) = 6*c**3 - 2*c**2 + 1. Suppose 0 = -14*r + 15*r + 1. Give b(r).
-7
Let j(c) be the second derivative of -1/20*c**5 - 1/2*c**3 - 3*c - 3/2*c**2 + 1/3*c**4 + 0. Calculate j(3).
-3
Let q = -32 - -59. Suppose s - 11 = 4*m, 3*s - q = 5*m - 8. Let y(n) = -n**2 + 5*n + 4. Calculate y(s).
10
Let w(v) = -3*v**3 - 3*v**2 + 5*v - 2. Let n(o) = o**3 + o**2 - o + 1. Let i(f) = -4*n(f) - w(f). Give i(-2).
4
Let l(d) be the third derivative of d**6/120 + d**5/15 - d**4/24 + 8*d**2. Calculate l(-4).
4
Let l(w) = -3*w - 6. Let j(u) = -u**2 - 2*u - 4. Let r be j(-2). Determine l(r).
6
Let h(m) = -2*m + 4. Let g(j) = -5*j + 8. Let s = 10 + -17. Let p(l) = s*h(l) + 3*g(l). Determine p(4).
-8
Let j(h) = h**3 + h - 1. Let p(c) = -3*c**3 + 6*c**2 + 2*c + 9. Let t(f) = -4*j(f) - p(f). Give t(-5).
0
Let i(j) = -j**3 - j + 1. Suppose 0 = 5*y + 2*y. Determine i(y).
1
Let h(l) = 4*l**2 - 6*l + 6. Let m(q) be the second derivative of q**4/12 - q**3/3 + q**2 + 2*q. Let t(z) = 2*h(z) - 7*m(z). Calculate t(-4).
6
Let k = 70 - 73. Let o(n) = 3*n - 1. What is o(k)?
-10
Let a(f) = 2*f - 1. Let q(n) = -n + 1. Let l(t) = -a(t) - 3*q(t). Calculate l(2).
0
Let u(q) = -2*q**3 - 2*q**2 - q**2 + 4*q - 3*q**3 - 1 + 4*q**3. What is u(-3)?
-13
Let l(f) = -2*f**2 + 4*f**2 + 0*f + 3 - 5 - 2*f. Give l(3).
10
Let d be (-16)/(-4 + (-3 - -5)). Let c = -5 + d. Let n(l) = -l**3 + 2*l**2 + 2*l - 2. Determine n(c).
-5
Let w(k) be the first derivative of k**4/4 - 4*k**3/3 - 2*k**2 - 2*k + 4. Suppose 4*c - 29 = -9. Determine w(c).
3
Let n(h) = -h**3 - 15*h**2 + h + 18. Let b be n(-15). Let m(g) = b*g**3 - 4*g**3 + g**2 - 7*g**2 + 1 + 0. Determine m(-6).
1
Let x = -81 + 84. Let o(n) = 0 + 0*n + 2 - n. What is o(x)?
-1
Let b be 2/(-4)*-1*-2. Let g(t) be the second derivative of 3*t**4/4 + t**2/2 + 13*t - 2. Calculate g(b).
10
Let f(i) = -2*i + 3. Let j be f(4). Let l(h) = -h + 7. Let u(t) = t + 1. Let y(w) = l(w) + 2*u(w). Calculate y(j).
4
Suppose 3*o + 1 = 4. Let l = o - -1. Let v(g) = -3*g**2 + g + 0*g**l - 1 - 4*g. Determine v(-2).
-7
Let c(q) be the third derivative of -q**6/180 - q**5/24 - q**4/6 + q**3/6 + 3*q**2. Let t(s) be the first derivative of c(s). What is t(-3)?
-7
Let m(o) = 2*o**2 + 2*o - 3. Suppose -5*v = -4*k - 76, -4*v - v = 4*k - 84. Let u = v - 14. Calculate m(u).
9
Let c(y) = 6*y. Let s(u) = u**2 - 6*u - 1. Let g = -43 + 83. Suppose -g + 10 = -5*a. Let m be s(a). Calculate c(m).
-6
Let t(s) = -s**3 - 3*s**2 + 4*s - 5. Suppose 0*v - 2*c - 10 = -3*v, 0 = v + 5*c - 9. Suppose 0 = -v*j - j + 50. Let f be 6/(-4) - j/4. Calculate t(f).
-5
Let g(j) = 957*j**2 - 2 + 3 - 960*j**2. Let o = 3 + -2. Let i be ((1 - 0)*-1)/o. What is g(i)?
-2
Let d(k) = k**3 - 4*k**2 + k - 4. Suppose -6*q + 33 = 9. Calculate d(q).
0
Suppose -7*q = -2*q + 5. Let d(t) = -11*t + 7. Let m(o) = 11*o + 3. Let z(r) = -r - 1. Let p(k) = m(k) + 6*z(k). Let b(h) = 4*d(h) + 9*p(h). Calculate b(q).
0
Let l = -15 - -17. Let w(h) = 9 - 5 - 4*h - l. Give w(2).
-6
Let t = -7 + 14. Let s = -12 + t. Let b(g) = 5*g**3 + 2*g**2 + 7*g - 3. Let k(v) = 4*v**3 + v**2 + 7*v - 2. Let x(y) = -5*b(y) + 6*k(y). Calculate x(s).
-7
Let r(c) = 4*c**2 + 2*c + 1. Let z = 18 + -13. Suppose -z*o = -0*o + 10. Let t = -3 - o. What is r(t)?
3
Let q(j) = j**2 - j + 2. Let c be q(2). Let g(n) = 15*n - 2*n**2 - 4*n - 5 - 4*n. Give g(c).
-9
Let v(a) = 2*a - 2 + 0*a**2 + 1 + 2*a**2. Let k = -2 + 5. Let f = 1 - k. Give v(f).
3
Let u = -6 - -10. Let r be ((-1)/2)/((-2)/u). Suppose 4*w + 2*h = -w - 5, r = -2*w - h. Let z(t) = t**3 + 2*t**2 - t + 3. Calculate z(w).
-3
Let g(o) = 2*o - 5. Let l(s) = -3*s + 6. Let v(u) = -4*g(u) - 3*l(u). Determine v(-3).
-1
Let h(y) = -y**3 - 2*y**2 - 2*y - 2. Let w(x) = -2*x**3 - 5*x**2 - 5*x - 4. Let v(p) = 7*h(p) - 3*w(p). Give v(2).
-4
Let t(d) = -d. Suppose r = -i - 66, 3*r - 57 = i + r. Let v be i/14 - (-2)/(-4). Calculate t(v).
5
Let z(h) be the second derivative of 2*h**2 - 4*h + 0 - 2/3*h**3 - 1/8*h**4. Let c(w) be the first derivative of z(w). Give c(-3).
5
Let j(s) = s**2 + 5*s. Let a be 99/(-21) - (-10)/(-35). Let v be j(a). Let w(c) = -5*c - 4. Let k(x) = 14*x + 12. Let t(y) = 4*k(y) + 11*w(y). Give t(v).
4
Let v = -17 - -12. Let l(h) = h + 3. Give l(v).
-2
Let q = 3 + 0. Let b(h) = -h + 3*h**3 - h**3 - h**q. Suppose 3*a + 2 = -d, 4*a + 14 + 10 = 4*d. Determine b(a).
-6
Let k(h) = h**3 - 3*h**2 + 2*h - 1. Let q(c) = -3*c - 9. Suppose 4*x + 4 = 2*x, -s + x - 2 = 0. Let b